{"id":140,"date":"2020-03-19T10:31:37","date_gmt":"2020-03-19T09:31:37","guid":{"rendered":"https:\/\/www.bonet.cz\/bonet\/?page_id=140"},"modified":"2020-03-19T15:49:40","modified_gmt":"2020-03-19T14:49:40","slug":"satelitni-technika","status":"publish","type":"page","link":"https:\/\/www.bonet.cz\/bonet\/index.php\/satelitni-technika\/","title":{"rendered":"Satelitn\u00ed technika"},"content":{"rendered":"\n<p>Prov\u00e1d\u00edme dod\u00e1vku a mont\u00e1\u017e digit\u00e1ln\u00edch pozemn\u00edch a satelitn\u00edch HD p\u0159ij\u00edma\u010d\u016f a ant\u00e9nn\u00edch syst\u00e9m\u016f.<\/p>\n\n\n\n<p>Nab\u00edz\u00edme samoinstala\u010dn\u00ed bal\u00ed\u010dky i dod\u00e1vku &#8222;na kli\u010d&#8220;.<\/p>\n\n\n\n<ul class=\"wp-block-list\"><li>porad\u00edme V\u00e1m s v\u00fdb\u011brem vhodn\u00fdch komponent nebo dod\u00e1me celou sestavu na kl\u00ed\u010d<\/li><li>provedeme zam\u011b\u0159en\u00ed sign\u00e1lu<\/li><li>mont\u00e1\u017ee prov\u00e1d\u00edme na vysok\u00e9 profesion\u00e1ln\u00ed \u00farovni se z\u00e1rukou kvality<\/li><li>rychl\u00e9 dod\u00e1vky a garantovan\u00e1 z\u00e1ruka servisu do budoucna<\/li><li>instalujeme satelitn\u00ed syst\u00e9my na jednu nebo v\u00edce dru\u017eic, \u010d\u00edm\u017e V\u00e1m umo\u017en\u00edme sledovat v\u00edce televizn\u00edch stanic<\/li><li>mont\u00e1\u017ee prov\u00e1d\u00edme na rodinn\u00fdch domc\u00edch, panelov\u00fdch domech, rekrea\u010dn\u00edch objektech atd.<\/li><li>zajist\u00edme tak\u00e9 p\u0159\u00edjem v\u00edce \u00fa\u010dastn\u00edk\u016fm z jedn\u00e9 paraboly a tak V\u00e1m v\u00fdrazn\u011b sn\u00ed\u017e\u00edme n\u00e1klady<\/li><\/ul>\n","protected":false},"excerpt":{"rendered":"<p>Prov\u00e1d\u00edme dod\u00e1vku a mont\u00e1\u017e digit\u00e1ln\u00edch pozemn\u00edch a satelitn\u00edch HD p\u0159ij\u00edma\u010d\u016f a ant\u00e9nn\u00edch syst\u00e9m\u016f. Nab\u00edz\u00edme samoinstala\u010dn\u00ed bal\u00ed\u010dky i dod\u00e1vku &#8222;na kli\u010d&#8220;. porad\u00edme V\u00e1m s v\u00fdb\u011brem vhodn\u00fdch komponent nebo dod\u00e1me celou sestavu na kl\u00ed\u010d provedeme zam\u011b\u0159en\u00ed sign\u00e1lu mont\u00e1\u017ee prov\u00e1d\u00edme na vysok\u00e9 profesion\u00e1ln\u00ed \u00farovni se z\u00e1rukou kvality rychl\u00e9 dod\u00e1vky a garantovan\u00e1 z\u00e1ruka servisu [&hellip;]<\/p>\n","protected":false},"author":1,"featured_media":0,"parent":0,"menu_order":0,"comment_status":"closed","ping_status":"closed","template":"","meta":{"footnotes":""},"class_list":["post-140","page","type-page","status-publish","hentry"],"_links":{"self":[{"href":"https:\/\/www.bonet.cz\/bonet\/index.php\/wp-json\/wp\/v2\/pages\/140","targetHints":{"allow":["GET"]}}],"collection":[{"href":"https:\/\/www.bonet.cz\/bonet\/index.php\/wp-json\/wp\/v2\/pages"}],"about":[{"href":"https:\/\/www.bonet.cz\/bonet\/index.php\/wp-json\/wp\/v2\/types\/page"}],"author":[{"embeddable":true,"href":"https:\/\/www.bonet.cz\/bonet\/index.php\/wp-json\/wp\/v2\/users\/1"}],"replies":[{"embeddable":true,"href":"https:\/\/www.bonet.cz\/bonet\/index.php\/wp-json\/wp\/v2\/comments?post=140"}],"version-history":[{"count":3,"href":"https:\/\/www.bonet.cz\/bonet\/index.php\/wp-json\/wp\/v2\/pages\/140\/revisions"}],"predecessor-version":[{"id":189,"href":"https:\/\/www.bonet.cz\/bonet\/index.php\/wp-json\/wp\/v2\/pages\/140\/revisions\/189"}],"wp:attachment":[{"href":"https:\/\/www.bonet.cz\/bonet\/index.php\/wp-json\/wp\/v2\/media?parent=140"}],"curies":[{"name":"wp","href":"https:\/\/api.w.org\/{rel}","templated":true}]}}