{"id":113,"date":"2020-03-19T10:22:45","date_gmt":"2020-03-19T09:22:45","guid":{"rendered":"https:\/\/www.bonet.cz\/bonet\/?page_id=113"},"modified":"2020-03-19T10:43:41","modified_gmt":"2020-03-19T09:43:41","slug":"sluzby","status":"publish","type":"page","link":"https:\/\/www.bonet.cz\/bonet\/index.php\/sluzby\/","title":{"rendered":"Slu\u017eby"},"content":{"rendered":"\n<ul class=\"wp-block-list\"><li>servisn\u00ed smlouvy na spr\u00e1vu s\u00edt\u00ed, server\u016f a po\u010d\u00edta\u010d\u016f<\/li><li>softwarov\u00e9 a hardwarov\u00e9 audity<\/li><li>software pro pracovn\u00ed stanice a servery<\/li><li>prodej PC a p\u0159\u00edslu\u0161enstv\u00ed<\/li><li>opravy a instalace PC, tisk\u00e1ren a p\u0159\u00edslu\u0161enstv\u00ed<\/li><li>odvirov\u00e1n\u00ed PC, server\u016f<\/li><li>p\u0159ipojen\u00ed k internetu<\/li><li>kamerov\u00e9 syst\u00e9my do provozoven a dom\u016f<\/li><li>instalace satelitn\u00ed techniky<\/li><li>instalace alarm\u016f<\/li><li>tisk \u010d\u00e1rov\u00e9ho k\u00f3du<\/li><li>opravy a prodej z\u00e1lo\u017en\u00edch zdroj\u016f APC<\/li><\/ul>\n","protected":false},"excerpt":{"rendered":"<p>servisn\u00ed smlouvy na spr\u00e1vu s\u00edt\u00ed, server\u016f a po\u010d\u00edta\u010d\u016f softwarov\u00e9 a hardwarov\u00e9 audity software pro pracovn\u00ed stanice a servery prodej PC a p\u0159\u00edslu\u0161enstv\u00ed opravy a instalace PC, tisk\u00e1ren a p\u0159\u00edslu\u0161enstv\u00ed odvirov\u00e1n\u00ed PC, server\u016f p\u0159ipojen\u00ed k internetu kamerov\u00e9 syst\u00e9my do provozoven a dom\u016f instalace satelitn\u00ed techniky instalace alarm\u016f tisk \u010d\u00e1rov\u00e9ho k\u00f3du opravy [&hellip;]<\/p>\n","protected":false},"author":1,"featured_media":0,"parent":0,"menu_order":0,"comment_status":"closed","ping_status":"closed","template":"","meta":{"footnotes":""},"class_list":["post-113","page","type-page","status-publish","hentry"],"_links":{"self":[{"href":"https:\/\/www.bonet.cz\/bonet\/index.php\/wp-json\/wp\/v2\/pages\/113","targetHints":{"allow":["GET"]}}],"collection":[{"href":"https:\/\/www.bonet.cz\/bonet\/index.php\/wp-json\/wp\/v2\/pages"}],"about":[{"href":"https:\/\/www.bonet.cz\/bonet\/index.php\/wp-json\/wp\/v2\/types\/page"}],"author":[{"embeddable":true,"href":"https:\/\/www.bonet.cz\/bonet\/index.php\/wp-json\/wp\/v2\/users\/1"}],"replies":[{"embeddable":true,"href":"https:\/\/www.bonet.cz\/bonet\/index.php\/wp-json\/wp\/v2\/comments?post=113"}],"version-history":[{"count":4,"href":"https:\/\/www.bonet.cz\/bonet\/index.php\/wp-json\/wp\/v2\/pages\/113\/revisions"}],"predecessor-version":[{"id":151,"href":"https:\/\/www.bonet.cz\/bonet\/index.php\/wp-json\/wp\/v2\/pages\/113\/revisions\/151"}],"wp:attachment":[{"href":"https:\/\/www.bonet.cz\/bonet\/index.php\/wp-json\/wp\/v2\/media?parent=113"}],"curies":[{"name":"wp","href":"https:\/\/api.w.org\/{rel}","templated":true}]}}