{"id":112,"date":"2020-03-19T10:22:45","date_gmt":"2020-03-19T09:22:45","guid":{"rendered":"https:\/\/www.bonet.cz\/bonet\/?page_id=112"},"modified":"2020-03-19T21:27:28","modified_gmt":"2020-03-19T20:27:28","slug":"produkty","status":"publish","type":"page","link":"https:\/\/www.bonet.cz\/bonet\/index.php\/produkty\/","title":{"rendered":"Produkty"},"content":{"rendered":"\n<div class=\"wp-block-group alignfull\"><div class=\"wp-block-group__inner-container is-layout-flow wp-block-group-is-layout-flow\">\n<p class=\"has-text-align-center\"><a href=\"https:\/\/www.bonet.cz\/bonet\/index.php\/servery\/\">Servery <\/a>&#8211; <a href=\"https:\/\/www.bonet.cz\/bonet\/index.php\/diskova-pole\/\">Diskov\u00e1 pole<\/a> &#8211; <a href=\"https:\/\/www.bonet.cz\/bonet\/index.php\/virtualizace\/\">Virtualizace <\/a>&#8211; <a href=\"https:\/\/www.bonet.cz\/bonet\/index.php\/internet\/\">Internet <\/a>&#8211; <a href=\"https:\/\/www.bonet.cz\/bonet\/index.php\/apple\/\">Apple<\/a> &#8211; <a href=\"https:\/\/www.bonet.cz\/bonet\/index.php\/alarmy\/\">Alarmy <\/a>&#8211; <a href=\"https:\/\/www.bonet.cz\/bonet\/index.php\/kamerove-systemy\/\">Kamerov\u00e9 syst\u00e9my<\/a> &#8211; <a href=\"https:\/\/www.bonet.cz\/bonet\/index.php\/satelitni-technika\/\">Satelitn\u00ed technika<\/a><\/p>\n<\/div><\/div>\n","protected":false},"excerpt":{"rendered":"<p>Servery &#8211; Diskov\u00e1 pole &#8211; Virtualizace &#8211; Internet &#8211; Apple &#8211; Alarmy &#8211; Kamerov\u00e9 syst\u00e9my &#8211; Satelitn\u00ed technika<\/p>\n","protected":false},"author":1,"featured_media":0,"parent":0,"menu_order":0,"comment_status":"closed","ping_status":"closed","template":"","meta":{"footnotes":""},"class_list":["post-112","page","type-page","status-publish","hentry"],"_links":{"self":[{"href":"https:\/\/www.bonet.cz\/bonet\/index.php\/wp-json\/wp\/v2\/pages\/112","targetHints":{"allow":["GET"]}}],"collection":[{"href":"https:\/\/www.bonet.cz\/bonet\/index.php\/wp-json\/wp\/v2\/pages"}],"about":[{"href":"https:\/\/www.bonet.cz\/bonet\/index.php\/wp-json\/wp\/v2\/types\/page"}],"author":[{"embeddable":true,"href":"https:\/\/www.bonet.cz\/bonet\/index.php\/wp-json\/wp\/v2\/users\/1"}],"replies":[{"embeddable":true,"href":"https:\/\/www.bonet.cz\/bonet\/index.php\/wp-json\/wp\/v2\/comments?post=112"}],"version-history":[{"count":4,"href":"https:\/\/www.bonet.cz\/bonet\/index.php\/wp-json\/wp\/v2\/pages\/112\/revisions"}],"predecessor-version":[{"id":202,"href":"https:\/\/www.bonet.cz\/bonet\/index.php\/wp-json\/wp\/v2\/pages\/112\/revisions\/202"}],"wp:attachment":[{"href":"https:\/\/www.bonet.cz\/bonet\/index.php\/wp-json\/wp\/v2\/media?parent=112"}],"curies":[{"name":"wp","href":"https:\/\/api.w.org\/{rel}","templated":true}]}}